 the prime factors of 815?
5, 163
What are the prime factors of 540?
2, 3, 5
List the prime factors of 46.
2, 23
List the prime factors of 2033.
19, 107
What are the prime factors of 2600?
2, 5, 13
List the prime factors of 13558.
2, 6779
What are the prime factors of 2615?
5, 523
List the prime factors of 670.
2, 5, 67
What are the prime factors of 9018?
2, 3, 167
What are the prime factors of 1176?
2, 3, 7
What are the prime factors of 4552?
2, 569
List the prime factors of 16739.
19, 881
List the prime factors of 3085.
5, 617
List the prime factors of 12236.
2, 7, 19, 23
What are the prime factors of 841?
29
List the prime factors of 34695.
3, 5, 257
List the prime factors of 1265.
5, 11, 23
What are the prime factors of 2387?
7, 11, 31
What are the prime factors of 5945?
5, 29, 41
What are the prime factors of 2272?
2, 71
List the prime factors of 1229.
1229
What are the prime factors of 2535?
3, 5, 13
What are the prime factors of 8782?
2, 4391
List the prime factors of 2970.
2, 3, 5, 11
What are the prime factors of 56?
2, 7
List the prime factors of 66199.
7, 193
List the prime factors of 16291.
11, 1481
List the prime factors of 5322.
2, 3, 887
What are the prime factors of 3820?
2, 5, 191
List the prime factors of 5107.
5107
What are the prime factors of 2416?
2, 151
What are the prime factors of 13195?
5, 7, 13, 29
What are the prime factors of 17157?
3, 7, 19, 43
List the prime factors of 6085.
5, 1217
What are the prime factors of 2894?
2, 1447
List the prime factors of 436.
2, 109
List the prime factors of 7529.
7529
List the prime factors of 1328.
2, 83
List the prime factors of 111896.
2, 71, 197
What are the prime factors of 3059?
7, 19, 23
List the prime factors of 142.
2, 71
List the prime factors of 22757.
7, 3251
List the prime factors of 149.
149
What are the prime factors of 972?
2, 3
List the prime factors of 1265.
5, 11, 23
List the prime factors of 751.
751
What are the prime factors of 823?
823
List the prime factors of 6235.
5, 29, 43
What are the prime factors of 102039?
3, 7, 43, 113
List the prime factors of 11032.
2, 7, 197
List the prime factors of 558.
2, 3, 31
What are the prime factors of 19414?
2, 17, 571
List the prime factors of 13324.
2, 3331
What are the prime factors of 11582?
2, 5791
List the prime factors of 60068.
2, 15017
List the prime factors of 6268.
2, 1567
List the prime factors of 48632.
2, 6079
What are the prime factors of 2615?
5, 523
What are the prime factors of 37315?
5, 17, 439
What are the prime factors of 27729?
3, 13, 79
What are the prime factors of 113?
113
List the prime factors of 498.
2, 3, 83
List the prime factors of 10230.
2, 3, 5, 11, 31
What are the prime factors of 4045?
5, 809
What are the prime factors of 15143?
19, 797
List the prime factors of 48535.
5, 17, 571
What are the prime factors of 608?
2, 19
What are the prime factors of 2282?
2, 7, 163
List the prime factors of 150.
2, 3, 5
What are the prime factors of 20402?
2, 101
List the prime factors of 84377.
84377
List the prime factors of 335.
5, 67
What are the prime factors of 1406?
2, 19, 37
List the prime factors of 505.
5, 101
What are the prime factors of 11802?
2, 3, 7, 281
What are the prime factors of 5094?
2, 3, 283
What are the prime factors of 6347?
11, 577
List the prime factors of 81061.
103, 787
What are the prime factors of 90?
2, 3, 5
List the prime factors of 13767.
3, 13, 353
List the prime factors of 164.
2, 41
List the prime factors of 13360.
2, 5, 167
What are the prime factors of 1037?
17, 61
What are the prime factors of 161995?
5, 179, 181
What are the prime factors of 854?
2, 7, 61
List the prime factors of 172.
2, 43
List the prime factors of 954.
2, 3, 53
What are the prime factors of 2689?
2689
What are the prime factors of 25962?
2, 3, 4327
What are the prime factors of 50593?
50593
What are the prime factors of 2518?
2, 1259
List the prime factors of 79844.
2, 19961
What are the prime factors of 24885?
3, 5, 7, 79
What are the prime factors of 806?
2, 13, 31
List the prime factors of 6320.
2, 5, 79
List the prime factors of 18739.
7, 2677
List the prime factors of 344.
2, 43
What are the prime factors of 1560?
2, 3, 5, 13
What are the prime factors of 126612?
2, 3, 3517
What are the prime factors of 88236?
2, 3, 19, 43
What are the prime factors of 21673?
21673
List the prime factors of 157321.
157321
List the prime factors of 23921.
19, 1259
List the prime factors of 122123.
97, 1259
What are the prime factors of 315?
3, 5, 7
What are the prime factors of 3287?
19, 173
List the prime factors of 20511.
3, 43, 53
What are the prime factors of 217?
7, 31
What are the prime factors of 1489?
1489
What are the prime factors of 10725?
3, 5, 11, 13
What are the prime factors of 179?
179
What are the prime factors of 23849?
7, 3407
What are the prime factors of 8176?
2, 7, 73
List the prime factors of 68466.
2, 3, 11411
What are the prime factors of 1850?
2, 5, 37
What are the prime factors of 1031?
1031
What are the prime factors of 5823?
3, 647
What are the prime factors of 838?
2, 419
List the prime factors of 1605.
3, 5, 107
What are the prime factors of 163112?
2, 20389
What are the prime factors of 1051?
1051
List the prime factors of 1533.
3, 7, 73
List the prime factors of 1486.
2, 743
What are the prime factors of 1063?
1063
What are the prime factors of 6514?
2, 3257
List the prime factors of 912.
2, 3, 19
List the prime factors of 2910.
2, 3, 5, 97
List the prime factors of 10578.
2, 3, 41, 43
List the prime factors of 19235.
5, 3847
List the prime factors of 11275.
5, 11, 41
What are the prime factors of 4714?
2, 2357
What are the prime factors of 12951?
3, 1439
List the prime factors of 3792.
2, 3, 79
List the prime factors of 4058.
2, 2029
List the prime factors of 552.
2, 3, 23
What are the prime factors of 13111?
7, 1873
What are the prime factors of 2835?
3, 5, 7
What are the prime factors of 198?
2, 3, 11
List the prime factors of 9193.
29, 317
What are the prime factors of 130012?
2, 32503
What are the prime factors of 1817?
23, 79
What are the prime factors of 1181?
1181
List the prime factors of 23865.
3, 5, 37, 43
List the prime factors of 9199.
9199
What are the prime factors of 1380?
2, 3, 5, 23
List the prime factors of 24.
2, 3
List the prime factors of 1153.
1153
List the prime factors of 20871.
3, 773
List the prime factors of 81637.
81637
What are the prime factors of 846?
2, 3, 47
What are the prime factors of 3339?
3, 7, 53
What are the prime factors of 1682?
2, 29
What are the prime factors of 205?
5, 41
What are the prime factors of 7637?
7, 1091
What are the prime factors of 1207?
17, 71
List the prime factors of 2606.
2, 1303
List the prime factors of 109241.
11, 9931
What are the prime factors of 92?
2, 23
List the prime factors of 28060.
2, 5, 23, 61
What are the prime factors of 1264?
2, 79
List the prime factors of 36852.
2, 3, 37, 83
List the prime factors of 128533.
79, 1627
What are the prime factors of 2226?
2, 3, 7, 53
What are the prime factors of 2443?
7, 349
List the prime factors of 17629.
17, 61
List the prime factors of 43192.
2, 5399
What are the prime factors of 108?
2, 3
What are the prime factors of 106271?
11, 9661
What are the prime factors of 588?
2, 3, 7
List the prime factors of 2307.
3, 769
What are the prime factors of 9328?
2, 11, 53
List the prime factors of 681.
3, 227
What are the prime factors of 692?
2, 173
What are the prime factors of 545?
5, 109
What are the prime factors of 6067?
6067
List the prime factors of 420.
2, 3, 5, 7
List the prime factors of 1970.
2, 5, 197
List the prime factors of 4517.
4517
List the prime factors of 38509.
97, 397
What are the prime factors of 21768?
2, 3, 907
List the prime factors of 84373.
139, 607
List the prime factors of 258.
2, 3, 43
List the prime factors of 7605.
3, 5, 13
What are the prime factors of 527?
17, 31
List the prime factors of 1937.
13, 149
List the prime factors of 92726.
2, 71, 653
What are the prime factors of 4869?
3, 541
What are the prime factors of 64657?
19, 41, 83
What are the prime factors of 41500?
2, 5, 83
List the prime factors of 54489.
3, 41, 443
List the prime factors of 2880.
2, 3, 5
What are the prime factors of 1205?
5, 241
List the prime factors of 